{"id":1888,"date":"2021-02-05T08:38:13","date_gmt":"2021-02-05T07:38:13","guid":{"rendered":"http:\/\/www.muveszetekvolgye.hu\/webshop\/?post_type=product&#038;p=1888"},"modified":"2026-03-01T13:02:47","modified_gmt":"2026-03-01T12:02:47","slug":"kulacs-karabinerrel-aluminium-750-ml","status":"publish","type":"product","link":"https:\/\/www.muveszetekvolgye.hu\/webshop\/termek\/kulacs-karabinerrel-aluminium-750-ml\/","title":{"rendered":"Kulacs karabinerrel &#8211; alum\u00ednium, 750 ml"},"content":{"rendered":"","protected":false},"excerpt":{"rendered":"<p>Szimplafal\u00fa alum\u00ednium palack akaszt\u00f3val. \u0170rtartalom: 750 ml. A karabiner hegym\u00e1sz\u00e1sra, v\u00e9d\u0151felszerel\u00e9s c\u00e9lj\u00e1ra nem alkalmas.Szimplafal\u00fa alum\u00ednium palack akaszt\u00f3val. \u0170rtartalom: 750 ml. A karabiner hegym\u00e1sz\u00e1sra, v\u00e9d\u0151felszerel\u00e9s c\u00e9lj\u00e1ra nem alkalmas.<\/p>\n","protected":false},"featured_media":1900,"template":"","meta":[],"_links":{"self":[{"href":"https:\/\/www.muveszetekvolgye.hu\/webshop\/wp-json\/wp\/v2\/product\/1888"}],"collection":[{"href":"https:\/\/www.muveszetekvolgye.hu\/webshop\/wp-json\/wp\/v2\/product"}],"about":[{"href":"https:\/\/www.muveszetekvolgye.hu\/webshop\/wp-json\/wp\/v2\/types\/product"}],"wp:featuredmedia":[{"embeddable":true,"href":"https:\/\/www.muveszetekvolgye.hu\/webshop\/wp-json\/wp\/v2\/media\/1900"}],"wp:attachment":[{"href":"https:\/\/www.muveszetekvolgye.hu\/webshop\/wp-json\/wp\/v2\/media?parent=1888"}],"curies":[{"name":"wp","href":"https:\/\/api.w.org\/{rel}","templated":true}]}}