{"id":6548,"date":"2025-11-12T12:43:34","date_gmt":"2025-11-12T11:43:34","guid":{"rendered":"http:\/\/www.muveszetekvolgye.hu\/webshop\/?post_type=product&#038;p=6548"},"modified":"2025-12-02T16:35:35","modified_gmt":"2025-12-02T15:35:35","slug":"ajandek-unisex-pulcsi-10-napos-karacsonyi-berletcsomaghoz-a-35-muveszetek-volgyebe","status":"publish","type":"product","link":"https:\/\/www.muveszetekvolgye.hu\/webshop\/termek\/ajandek-unisex-pulcsi-10-napos-karacsonyi-berletcsomaghoz-a-35-muveszetek-volgyebe\/","title":{"rendered":"Aj\u00e1nd\u00e9k Unisex pulcsi 10 napos Kar\u00e1csonyi b\u00e9rletcsomaghoz"},"content":{"rendered":"<p>A 10 napos p\u00e1ros b\u00e9rletcsomagodhoz v\u00e1laszthatod ezt a kapucnis pulcsit, melynek csak a sz\u00e1ll\u00edt\u00e1si k\u00f6lts\u00e9ge terhel t\u00e9ged.<\/p>\n<p><strong>K\u00e9rj\u00fck, hogy megjegyz\u00e9sbe \u00edrd be a m\u00e9retet!<\/strong><\/p>\n<p>&nbsp;<\/p>\n","protected":false},"excerpt":{"rendered":"<p>Uniszex kapucnis pul\u00f3ver. 80% biopamut \/ 20% \u00fajrahasznos\u00edtott poli\u00e9szter, 280 g vastag anyag.<\/p>\n<p><strong>K\u00e9rj\u00fck, hogy megjegyz\u00e9sbe \u00edrd be a m\u00e9retet!<\/strong><\/p>\n<p>&nbsp;<\/p>\n","protected":false},"featured_media":6542,"template":"","meta":[],"_links":{"self":[{"href":"https:\/\/www.muveszetekvolgye.hu\/webshop\/wp-json\/wp\/v2\/product\/6548"}],"collection":[{"href":"https:\/\/www.muveszetekvolgye.hu\/webshop\/wp-json\/wp\/v2\/product"}],"about":[{"href":"https:\/\/www.muveszetekvolgye.hu\/webshop\/wp-json\/wp\/v2\/types\/product"}],"wp:featuredmedia":[{"embeddable":true,"href":"https:\/\/www.muveszetekvolgye.hu\/webshop\/wp-json\/wp\/v2\/media\/6542"}],"wp:attachment":[{"href":"https:\/\/www.muveszetekvolgye.hu\/webshop\/wp-json\/wp\/v2\/media?parent=6548"}],"curies":[{"name":"wp","href":"https:\/\/api.w.org\/{rel}","templated":true}]}}